{"id":26910,"date":"2025-11-14T09:42:31","date_gmt":"2025-11-14T09:42:31","guid":{"rendered":"https:\/\/camisascactus.com.mx\/camisas-vaqueras\/p\/30624\/"},"modified":"2025-11-28T16:26:11","modified_gmt":"2025-11-28T16:26:11","slug":"30624","status":"publish","type":"product","link":"https:\/\/camisascactus.com.mx\/camisas-vaqueras\/p\/30624\/","title":{"rendered":"Camisa Vaquera Estampada Cactus"},"content":{"rendered":"<p>CAMISA VAQUERA<br \/>\nESTAMPADA<br \/>\n72% poli\u00e9ster<br \/>\n25% algod\u00f3n<br \/>\n3% elastano<\/p>\n","protected":false},"excerpt":{"rendered":"<p>CAMISA VAQUERA<br \/>\nESTAMPADA<br \/>\n72% poli\u00e9ster<br \/>\n25% algod\u00f3n<br \/>\n3% elastano<\/p>\n","protected":false},"featured_media":26909,"template":"","meta":[],"product_brand":[153],"product_cat":[211,64,56],"product_tag":[214,68,82,75,81,78,104,105,79,101,107,106,77,74,80,76],"class_list":{"0":"post-26910","1":"product","2":"type-product","3":"status-publish","4":"has-post-thumbnail","6":"product_brand-cactus-western-by-jr","7":"product_cat-2025-iv","8":"product_cat-caballero","9":"product_cat-estampada","10":"product_tag-214","11":"product_tag-caballero","12":"product_tag-camisa-clasica-de-hombre","13":"product_tag-camisa-vaquera","14":"product_tag-camisa-western","15":"product_tag-camisas-para-caballero","16":"product_tag-estampada","17":"product_tag-estampado","18":"product_tag-estilo-ranchero","19":"product_tag-fiesta","20":"product_tag-formal","21":"product_tag-llamativa","22":"product_tag-moda-vaquera-para-hombre","23":"product_tag-para-hombre","24":"product_tag-ropa-del-norte-para-hombre","25":"product_tag-ropa-vaquera-masculina","27":"first","28":"instock","29":"shipping-taxable","30":"purchasable","31":"product-type-simple"},"yoast_head":"<!-- This site is optimized with the Yoast SEO plugin v25.1 - https:\/\/yoast.com\/wordpress\/plugins\/seo\/ -->\n<title>Camisa Vaquera Estampada Cactus - Camisas Cactus - Cat\u00e1logo<\/title>\n<meta name=\"robots\" content=\"index, follow, max-snippet:-1, max-image-preview:large, max-video-preview:-1\" \/>\n<link rel=\"canonical\" href=\"https:\/\/camisascactus.com.mx\/camisas-vaqueras\/p\/30624\/\" \/>\n<meta property=\"og:locale\" content=\"es_ES\" \/>\n<meta property=\"og:type\" content=\"article\" \/>\n<meta property=\"og:title\" content=\"Camisa Vaquera Estampada Cactus - Camisas Cactus - Cat\u00e1logo\" \/>\n<meta property=\"og:description\" content=\"CAMISA VAQUERA ESTAMPADA 72% poli\u00e9ster 25% algod\u00f3n 3% elastano\" \/>\n<meta property=\"og:url\" content=\"https:\/\/camisascactus.com.mx\/camisas-vaqueras\/p\/30624\/\" \/>\n<meta property=\"og:site_name\" content=\"Camisas Cactus - Cat\u00e1logo\" \/>\n<meta property=\"article:modified_time\" content=\"2025-11-28T16:26:11+00:00\" \/>\n<meta property=\"og:image\" content=\"https:\/\/camisascactus.com.mx\/camisas-vaqueras\/wp-content\/uploads\/2025\/11\/30624.webp\" \/>\n\t<meta property=\"og:image:width\" content=\"576\" \/>\n\t<meta property=\"og:image:height\" content=\"864\" \/>\n\t<meta property=\"og:image:type\" content=\"image\/webp\" \/>\n<meta name=\"twitter:card\" content=\"summary_large_image\" \/>\n<script type=\"application\/ld+json\" class=\"yoast-schema-graph\">{\"@context\":\"https:\/\/schema.org\",\"@graph\":[{\"@type\":\"WebPage\",\"@id\":\"https:\/\/camisascactus.com.mx\/camisas-vaqueras\/p\/30624\/\",\"url\":\"https:\/\/camisascactus.com.mx\/camisas-vaqueras\/p\/30624\/\",\"name\":\"Camisa Vaquera Estampada Cactus - Camisas Cactus - Cat\u00e1logo\",\"isPartOf\":{\"@id\":\"https:\/\/camisascactus.com.mx\/camisas-vaqueras\/#website\"},\"primaryImageOfPage\":{\"@id\":\"https:\/\/camisascactus.com.mx\/camisas-vaqueras\/p\/30624\/#primaryimage\"},\"image\":{\"@id\":\"https:\/\/camisascactus.com.mx\/camisas-vaqueras\/p\/30624\/#primaryimage\"},\"thumbnailUrl\":\"https:\/\/camisascactus.com.mx\/camisas-vaqueras\/wp-content\/uploads\/2025\/11\/30624.webp\",\"datePublished\":\"2025-11-14T09:42:31+00:00\",\"dateModified\":\"2025-11-28T16:26:11+00:00\",\"breadcrumb\":{\"@id\":\"https:\/\/camisascactus.com.mx\/camisas-vaqueras\/p\/30624\/#breadcrumb\"},\"inLanguage\":\"es\",\"potentialAction\":[{\"@type\":\"ReadAction\",\"target\":[\"https:\/\/camisascactus.com.mx\/camisas-vaqueras\/p\/30624\/\"]}]},{\"@type\":\"ImageObject\",\"inLanguage\":\"es\",\"@id\":\"https:\/\/camisascactus.com.mx\/camisas-vaqueras\/p\/30624\/#primaryimage\",\"url\":\"https:\/\/camisascactus.com.mx\/camisas-vaqueras\/wp-content\/uploads\/2025\/11\/30624.webp\",\"contentUrl\":\"https:\/\/camisascactus.com.mx\/camisas-vaqueras\/wp-content\/uploads\/2025\/11\/30624.webp\",\"width\":576,\"height\":864},{\"@type\":\"BreadcrumbList\",\"@id\":\"https:\/\/camisascactus.com.mx\/camisas-vaqueras\/p\/30624\/#breadcrumb\",\"itemListElement\":[{\"@type\":\"ListItem\",\"position\":1,\"name\":\"Portada\",\"item\":\"https:\/\/camisascactus.com.mx\/camisas-vaqueras\/\"},{\"@type\":\"ListItem\",\"position\":2,\"name\":\"Shop\",\"item\":\"https:\/\/camisascactus.com.mx\/camisas-vaqueras\/shop\/\"},{\"@type\":\"ListItem\",\"position\":3,\"name\":\"Camisa Vaquera Estampada Cactus\"}]},{\"@type\":\"WebSite\",\"@id\":\"https:\/\/camisascactus.com.mx\/camisas-vaqueras\/#website\",\"url\":\"https:\/\/camisascactus.com.mx\/camisas-vaqueras\/\",\"name\":\"Camisas Cactus - Cat\u00e1logo\",\"description\":\"\",\"potentialAction\":[{\"@type\":\"SearchAction\",\"target\":{\"@type\":\"EntryPoint\",\"urlTemplate\":\"https:\/\/camisascactus.com.mx\/camisas-vaqueras\/?s={search_term_string}\"},\"query-input\":{\"@type\":\"PropertyValueSpecification\",\"valueRequired\":true,\"valueName\":\"search_term_string\"}}],\"inLanguage\":\"es\"}]}<\/script>\n<!-- \/ Yoast SEO plugin. -->","yoast_head_json":{"title":"Camisa Vaquera Estampada Cactus - Camisas Cactus - Cat\u00e1logo","robots":{"index":"index","follow":"follow","max-snippet":"max-snippet:-1","max-image-preview":"max-image-preview:large","max-video-preview":"max-video-preview:-1"},"canonical":"https:\/\/camisascactus.com.mx\/camisas-vaqueras\/p\/30624\/","og_locale":"es_ES","og_type":"article","og_title":"Camisa Vaquera Estampada Cactus - Camisas Cactus - Cat\u00e1logo","og_description":"CAMISA VAQUERA ESTAMPADA 72% poli\u00e9ster 25% algod\u00f3n 3% elastano","og_url":"https:\/\/camisascactus.com.mx\/camisas-vaqueras\/p\/30624\/","og_site_name":"Camisas Cactus - Cat\u00e1logo","article_modified_time":"2025-11-28T16:26:11+00:00","og_image":[{"width":576,"height":864,"url":"https:\/\/camisascactus.com.mx\/camisas-vaqueras\/wp-content\/uploads\/2025\/11\/30624.webp","type":"image\/webp"}],"twitter_card":"summary_large_image","schema":{"@context":"https:\/\/schema.org","@graph":[{"@type":"WebPage","@id":"https:\/\/camisascactus.com.mx\/camisas-vaqueras\/p\/30624\/","url":"https:\/\/camisascactus.com.mx\/camisas-vaqueras\/p\/30624\/","name":"Camisa Vaquera Estampada Cactus - Camisas Cactus - Cat\u00e1logo","isPartOf":{"@id":"https:\/\/camisascactus.com.mx\/camisas-vaqueras\/#website"},"primaryImageOfPage":{"@id":"https:\/\/camisascactus.com.mx\/camisas-vaqueras\/p\/30624\/#primaryimage"},"image":{"@id":"https:\/\/camisascactus.com.mx\/camisas-vaqueras\/p\/30624\/#primaryimage"},"thumbnailUrl":"https:\/\/camisascactus.com.mx\/camisas-vaqueras\/wp-content\/uploads\/2025\/11\/30624.webp","datePublished":"2025-11-14T09:42:31+00:00","dateModified":"2025-11-28T16:26:11+00:00","breadcrumb":{"@id":"https:\/\/camisascactus.com.mx\/camisas-vaqueras\/p\/30624\/#breadcrumb"},"inLanguage":"es","potentialAction":[{"@type":"ReadAction","target":["https:\/\/camisascactus.com.mx\/camisas-vaqueras\/p\/30624\/"]}]},{"@type":"ImageObject","inLanguage":"es","@id":"https:\/\/camisascactus.com.mx\/camisas-vaqueras\/p\/30624\/#primaryimage","url":"https:\/\/camisascactus.com.mx\/camisas-vaqueras\/wp-content\/uploads\/2025\/11\/30624.webp","contentUrl":"https:\/\/camisascactus.com.mx\/camisas-vaqueras\/wp-content\/uploads\/2025\/11\/30624.webp","width":576,"height":864},{"@type":"BreadcrumbList","@id":"https:\/\/camisascactus.com.mx\/camisas-vaqueras\/p\/30624\/#breadcrumb","itemListElement":[{"@type":"ListItem","position":1,"name":"Portada","item":"https:\/\/camisascactus.com.mx\/camisas-vaqueras\/"},{"@type":"ListItem","position":2,"name":"Shop","item":"https:\/\/camisascactus.com.mx\/camisas-vaqueras\/shop\/"},{"@type":"ListItem","position":3,"name":"Camisa Vaquera Estampada Cactus"}]},{"@type":"WebSite","@id":"https:\/\/camisascactus.com.mx\/camisas-vaqueras\/#website","url":"https:\/\/camisascactus.com.mx\/camisas-vaqueras\/","name":"Camisas Cactus - Cat\u00e1logo","description":"","potentialAction":[{"@type":"SearchAction","target":{"@type":"EntryPoint","urlTemplate":"https:\/\/camisascactus.com.mx\/camisas-vaqueras\/?s={search_term_string}"},"query-input":{"@type":"PropertyValueSpecification","valueRequired":true,"valueName":"search_term_string"}}],"inLanguage":"es"}]}},"_links":{"self":[{"href":"https:\/\/camisascactus.com.mx\/camisas-vaqueras\/wp-json\/wp\/v2\/product\/26910","targetHints":{"allow":["GET"]}}],"collection":[{"href":"https:\/\/camisascactus.com.mx\/camisas-vaqueras\/wp-json\/wp\/v2\/product"}],"about":[{"href":"https:\/\/camisascactus.com.mx\/camisas-vaqueras\/wp-json\/wp\/v2\/types\/product"}],"version-history":[{"count":5,"href":"https:\/\/camisascactus.com.mx\/camisas-vaqueras\/wp-json\/wp\/v2\/product\/26910\/revisions"}],"predecessor-version":[{"id":27216,"href":"https:\/\/camisascactus.com.mx\/camisas-vaqueras\/wp-json\/wp\/v2\/product\/26910\/revisions\/27216"}],"wp:featuredmedia":[{"embeddable":true,"href":"https:\/\/camisascactus.com.mx\/camisas-vaqueras\/wp-json\/wp\/v2\/media\/26909"}],"wp:attachment":[{"href":"https:\/\/camisascactus.com.mx\/camisas-vaqueras\/wp-json\/wp\/v2\/media?parent=26910"}],"wp:term":[{"taxonomy":"product_brand","embeddable":true,"href":"https:\/\/camisascactus.com.mx\/camisas-vaqueras\/wp-json\/wp\/v2\/product_brand?post=26910"},{"taxonomy":"product_cat","embeddable":true,"href":"https:\/\/camisascactus.com.mx\/camisas-vaqueras\/wp-json\/wp\/v2\/product_cat?post=26910"},{"taxonomy":"product_tag","embeddable":true,"href":"https:\/\/camisascactus.com.mx\/camisas-vaqueras\/wp-json\/wp\/v2\/product_tag?post=26910"}],"curies":[{"name":"wp","href":"https:\/\/api.w.org\/{rel}","templated":true}]}}